at is -1 + 16624060?
16624056
In base 2, what is -10011001000111011 - 10000110111?
-10011011001110010
In base 13, what is 16 + -12794?
-1277b
In base 12, what is 151204 + -2b?
151195
In base 14, what is 4 - -466213?
466217
In base 16, what is -e3 - 46aebd?
-46afa0
In base 3, what is -11012 + 1011102221000?
1011102202211
In base 11, what is -204 + 27643?
2743a
In base 14, what is d066170 - 2?
d06616c
In base 7, what is -12264315 - -2?
-12264313
In base 13, what is 2b12 - 1241?
18a1
In base 14, what is -1a2 + 41ba?
4018
In base 9, what is 852321 - -11?
852332
In base 7, what is 2604 + -124665?
-122061
In base 7, what is 264 + -416213?
-415616
In base 4, what is -2233221211132 - -10?
-2233221211122
In base 10, what is 362 + -165194?
-164832
In base 12, what is -11022b + -43?
-110272
In base 7, what is 4114 + -1552465?
-1545351
In base 11, what is -4 + -1490913?
-1490917
In base 16, what is 7e - 6b8fc?
-6b87e
In base 11, what is 18 - 345a44?
-345a27
In base 9, what is -2761835 - -5?
-2761830
In base 9, what is 3803 - 45?
3747
In base 11, what is 6 - -8134791?
8134797
In base 5, what is 1144141030413 - -10?
1144141030423
In base 15, what is -24bb6 + -333?
-24ee9
In base 6, what is 40050414 - -511?
40051325
In base 9, what is -70674763 - 4?
-70674767
In base 14, what is -7 - -260001?
25ddd8
In base 15, what is -10ce7a + -262?
-10d1dc
In base 15, what is -2aa3d + -104?
-2ab42
In base 12, what is -26a318 - -5?
-26a313
In base 2, what is -10 - 110001111000110011110110?
-110001111000110011111000
In base 8, what is -45511 + 1206?
-44303
In base 16, what is -69 + 7cf6d?
7cf04
In base 15, what is 17 + 29bad?
29bc5
In base 9, what is 10 + -1421252?
-1421242
In base 3, what is 221111 + -22210101000?
-22202102112
In base 12, what is 85b40 - -546?
86486
In base 12, what is 62524a8 + -26?
6252482
In base 4, what is 203 + 32313011?
32313220
In base 8, what is 64 + -6241464?
-6241400
In base 10, what is -7 + 6013256?
6013249
In base 16, what is -8688d + -100?
-8698d
In base 10, what is -5518994 + 5?
-5518989
In base 9, what is -46 - 7601034?
-7601081
In base 13, what is c46 + ba87?
ca00
In base 9, what is 38 + 1033556?
1033605
In base 13, what is 19978b81 - -3?
19978b84
In base 5, what is -300324111 - 24?
-300324140
In base 8, what is -4014 + -335?
-4351
In base 8, what is -5707711710 - -2?
-5707711706
In base 16, what is 935728e + 2?
9357290
In base 3, what is -1011021 - 2000221112?
-2002002210
In base 16, what is -132c424 - 1?
-132c425
In base 10, what is 1743745 - -35?
1743780
In base 11, what is 68470580 + 4?
68470584
In base 7, what is 12 + 20543335?
20543350
In base 6, what is 2100514 + 452?
2101410
In base 15, what is 1c - 1a89b5?
-1a8998
In base 7, what is -432562 - 132?
-433024
In base 11, what is -a9333 - 118?
-a9450
In base 8, what is 15 + 56130533?
56130550
In base 3, what is -1212220 - 20220211?
-22210201
In base 5, what is -13342 - 123331?
-142223
In base 10, what is 3954 + -96982?
-93028
In base 15, what is -b2e60c - -1?
-b2e60b
In base 15, what is 4 + 1669209?
166920d
In base 5, what is 311442210 - 4?
311442201
In base 11, what is 5 - 44366a?
-443665
In base 6, what is 141115 - 44024?
53051
In base 8, what is 3 + 57211130?
57211133
In base 12, what is -5 + 12b3655?
12b3650
In base 7, what is -1435631 - 452?
-1436413
In base 7, what is -1030105 + -2056?
-1032164
In base 13, what is 36a9 + 2833?
620c
In base 8, what is -207516123 - -1?
-207516122
In base 8, what is -1120 - 1130572?
-1131712
In base 12, what is 115aa8 - -502?
1163aa
In base 8, what is -74335326 + 1?
-74335325
In base 11, what is -233431 + -39?
-23346a
In base 15, what is -10 - 31428e?
-31429e
In base 6, what is 51503540 - 1124?
51502412
In base 6, what is 323150 + 15401?
342551
In base 9, what is 13351577 + -5?
13351572
In base 15, what is -9 - -1b1d8cc?
1b1d8c3
In base 16, what is -4458bd - 2f?
-4458ec
In base 9, what is -7 + 1534460?
1534452
In base 12, what is a71 - -a88?
1939
In base 4, what is -303000 - -2302?
-300032
In base 16, what is 6 - 70bb2?
-70bac
In base 15, what is -a1a6c3 - -6?
-a1a6bc
In base 13, what is 944 - 2b47?
-2203
In base 14, what is 26 - -1c3609?
1c3631
In base 5, what is 20 - 432321023?
-432321003
In base 9, what is 12307872 - -5?
12307877
In base 11, what is -a38620 + 5?
-a38616
In base 7, what is -42153 + 362220?
320034
In base 5, what is 114121342 - -1034?
114122431
In base 8, what is 1507 + 46737?
50446
In base 9, what is -1167 + -484720?
-485887
In base 16, what is 8510a6a3 - 3?
8510a6a0
In base 9, what is 80770 + -63?
80706
In base 9, what is -4 + 7082546?
7082542
In base 5, what is 4 - -431221044?
431221103
In base 15, what is 247bc - -4b?
24818
In base 16, what is a9 + 6f823?
6f8cc
In base 4, what is 1013033 - 1103211311?
-1102132212
In base 7, what is -2011364 - 12505?
-2024202
In base 15, what is 9dca + 65ce?
114a9
In base 4, what is 0 - 23123302032?
-23123302032
In base 8, what is -1 - 14200751?
-14200752
In base 10, what is -5 + 244656?
244651
In base 7, what is -20441 + 21255?
514
In base 13, what is 47ccc - 241?
47a8b
In base 2, what is 111101111000000100100110 + -10011?
111101111000000100010011
In base 14, what is -2 + -530ca6b?
-530ca6d
In base 11, what is -a625a6 + -80?
-a62676
In base 7, what is -53310531 + -44?
-53310605
In base 9, what is 0 + 161463382?
161463382
In base 7, what is -5252266 + 2?
-5252264
In base 5, what is -4 - -20024224232?
20024224223
In base 7, what is -11 - -206530055?
206530044
In base 4, what is -10 + 11031313230?
11031313220
In base 16, what is 1dbcc2 - 8e?
1dbc34
In base 13, what is -47433 + 4a?
-473b6
In base 8, what is -6175 + 71655?
63460
In base 9, what is -3351014 - 161?
-3351175
In base 3, what is -11120202 + 11122200111?
11111002202
In base 13, what is b7a60 + 46?
b7aa6
In base 14, what is -256a164 + -4?
-256a168
In base 13, what is 71 + -27153?
-270b2
In base 12, what is 0 - -2299487b?
2299487b
In base 3, what is 2221220110 - -1011?
2221221121
In base 16, what is 2 + -7e6260?
-7e625e
In base 14, what is -1 - 17023a8?
-17023a9
In base 4, what is -10130221 - 3203?
-10200030
In base 15, what is 53307e3 + -7?
53307db
In base 4, what is 13123 - -31333101?
32012230
In base 16, what is -25b + 97e6?
958b
In base 5, what is 110 + 12042321420?
12042322030
In base 12, what is 2 + a26211?
a26213
In base 10, what is 107071270 + -5?
107071265
In base 4, what is -13213120000200 + 0?
-13213120000200
In base 16, what is 7da + 2d68?
3542
In base 12, what is -298b73b3 + -4?
-298b73b7
In base 16, what is -4e + 58d7?
5889
In base 13, what is 3090b9c + 17?
3090bb6
In base 15, what is -421de - 252?
-42441
In base 8, what is 66321 - -175?
66516
In base 7, what is 364 - 1064402?
-1064005
In base 14, what is 148c2 - 3b?
14885
In base 12, what is -27b302 - 0?
-27b302
In base 2, what is 101 - 10000010110101010010111?
-10000010110101010010010
In base 16, what is -2e05965 + -1b?
-2e05980
In base 12, what is -5 + 11bb170?
11bb167
In base 12, what is 2 + 143a84?
143a86
In base 13, what is 4 - 433987?
-433983
In base 9, what is -507050 + 18?
-507031
In base 6, what is -2 - -534450430?
534450424
In base 10, what is 15099 - -54?
15153
In base 3, what is 20011101122 + -11011?
20011020111
In base 9, what is -11621 + -23370?
-35101
In base 12, what is -22508 + -7?
-22513
In base 12, what is -3338a6 + -104?
-3339aa
In base 6, what is -100314 + 54001?
-2313
In base 16, what is -174 + -1f28c?
-1f400
In base 5, what is 44142 - 2300421?
-2201224
In base 8, what is 10 - -14246106?
14246116
In base 7, what is 54402 - -6115?
63520
In base 11, what is -4a913 + -279?
-50091
In base 6, what is -21300 - -5352?
-11504
In base 13, what is -94a - 504c?
-5999
In base 8, what is -34721443 - 4?
-34721447
In base 3, what is 20 - 11022201012020111?
-11022201012020021
In base 2, what is -10 + -1001111111101111111100110?
-1001111111101111111101000
In base 3, what is -121102120120 + 210?
-121102112210
In base 12, what is -4 - -50b92?
50b8a
In base 13, what is -1c2c32b + -1?
-1c2c32c
In base 4, what is -12 - -223213222?
223213210
In base 13, what is -1535a - 84?
-15411
In base 11, what is 4488 + -5284?
-8a7
In base 13, what is 1 + -10c93b9a?
-10c93b99
In base 13, what is c3788b1 + 10?
c3788c1
In base 14, what is -3468 - b84?
-420c
In base 4, what is 1121122131 